{"id":2569,"date":"2022-08-19T13:45:29","date_gmt":"2022-08-19T12:45:29","guid":{"rendered":"https:\/\/espg.space\/company\/leadership-team\/"},"modified":"2024-02-26T13:42:59","modified_gmt":"2024-02-26T13:42:59","slug":"leadership-team","status":"publish","type":"page","link":"https:\/\/espg.space\/de\/company\/leadership-team\/","title":{"rendered":"F\u00fchrungsteam"},"content":{"rendered":"\n<div class=\"wp-block-cover is-light has-parallax parallax\" style=\"min-height:300px;aspect-ratio:unset;\"><span aria-hidden=\"true\" class=\"wp-block-cover__background has-background-dim-10 has-background-dim\"><\/span><div role=\"img\" class=\"wp-block-cover__image-background wp-image-5269 has-parallax\" style=\"background-position:50% 50%;background-image:url(https:\/\/espg.space\/wp-content\/uploads\/2024\/02\/Wuerselen_Header_neu-scaled.jpg)\"><\/div><div class=\"wp-block-cover__inner-container is-layout-flow wp-block-cover-is-layout-flow\"><h1 style=\"text-transform:uppercase;\" class=\"has-text-align-center wp-block-post-title has-text-color has-white-color\">F\u00fchrungsteam<\/h1><\/div><\/div>\n\n<div style=\"height:100px\" aria-hidden=\"true\" class=\"wp-block-spacer\"><\/div>\n<div class=\"wp-bootstrap-blocks-container container mb-2\">\n\t\n<div class=\"wp-bootstrap-blocks-row row\">\n\t\n\n<div class=\"col-12 col-md-12\">\n\t\t\t\n\n<p><strong>Unser erfahrenes und gut vernetztes F\u00fchrungsteam verf\u00fcgt \u00fcber eine exzellente Erfolgsbilanz bei der Bereitstellung von schnellen und sachkundigen L\u00f6sungen in der Immobilienbranche. Dr. Ralf N\u00f6cker und Markus Drews sind unsere Gesch\u00e4ftsf\u00fchrer. Beide sind ebenfalls Gesellschafter des Unternehmens.<\/strong><\/p>\n\n\t<\/div>\n\n<\/div>\n\n<\/div>\n\n<div style=\"height:50px\" aria-hidden=\"true\" class=\"wp-block-spacer\"><\/div>\n<div class=\"wp-bootstrap-blocks-container container mb-2\">\n\t\n<div class=\"wp-bootstrap-blocks-row row\">\n\t\n\n<div class=\"col-12 col-md-12\">\n\t\t\t\n\n<div class=\"row\">\n\n\n\t\t<div class=\"col-md-4 profile-wrap mb-40\">\n      <img decoding=\"async\" class=\"img-fluid mb-40\" src=\"https:\/\/espg.space\/wp-content\/uploads\/2022\/09\/ESPG_Ralf_Noecker-768x768.jpg\">\n      <h3>Dr. Ralf N\u00f6cker<\/h3>\n      <p class=\"green-txt mb-20\" style=\"display:inline-block;\">Vorstand<\/p>\n      <div><p>Ralf N\u00f6cker ist Vorstand der ESPG und Gesch\u00e4ftsf\u00fchrer des Mehrheitsaktion\u00e4rs der ESPG. Er verf\u00fcgt \u00fcber einen fundierten Hintergrund sowohl im Immobilien- als auch im Banksektor. Er war zuvor Vorstand eines Bestandshalters mit mehr als 4,2 Milliarden Euro und davor als Investmentbanker t\u00e4tig. Herr N\u00f6cker verf\u00fcgt \u00fcber 20 Jahre Erfahrung in internationalen Transaktionen mit einem Gesamtvolumen von 5,6 Milliarden Euro. Er hatte leitende Positionen bei mehreren Investmentgesellschaften inne, unter anderem als Gesch\u00e4ftsf\u00fchrer bei Corestate Capital und Tristan Capital Partners sowie als CIO von Vivion Investments.<\/p>\n<\/div>\n\n    <\/div>\n\n\n\n\t\t<div class=\"col-md-4 profile-wrap mb-40\">\n      <img decoding=\"async\" class=\"img-fluid mb-40\" src=\"https:\/\/espg.space\/wp-content\/uploads\/2022\/09\/ESPG_Markus_Drews-768x768.jpg\">\n      <h3>Markus Drews<\/h3>\n      <p class=\"green-txt mb-20\" style=\"display:inline-block;\">Vorstand<\/p>\n      <div><p>Markus Drews ist Mitbegr\u00fcnder, Aktion\u00e4r und Vorstand der ESPG AG. Aufgrund seiner Erfahrung als COO und zuletzt CEO der b\u00f6rsennotierten Demire \u2013 bei der er im Wesentlichen verantwortlich f\u00fcr das operative Gesch\u00e4ft zeichnete &#8211; und seine Rolle als Mitbegr\u00fcnder und Mitglied des Excecutive Boards der ebenfalls b\u00f6rsennotierten Colonia Real Estate AG, verantwortet er alle operativen Themen der ESPG AG.<\/p>\n<\/div>\n\n    <\/div>\n\n\n\n<\/div>\n\n\n\t<\/div>\n\n<\/div>\n\n<\/div>\n\n<div style=\"height:100px\" aria-hidden=\"true\" class=\"wp-block-spacer\"><\/div>\n","protected":false},"excerpt":{"rendered":"","protected":false},"author":1,"featured_media":0,"parent":2547,"menu_order":29,"comment_status":"closed","ping_status":"closed","template":"templates\/blank.php","meta":{"_acf_changed":false,"footnotes":""},"class_list":["post-2569","page","type-page","status-publish","hentry"],"acf":[],"featured_image_src":null,"_links":{"self":[{"href":"https:\/\/espg.space\/de\/wp-json\/wp\/v2\/pages\/2569","targetHints":{"allow":["GET"]}}],"collection":[{"href":"https:\/\/espg.space\/de\/wp-json\/wp\/v2\/pages"}],"about":[{"href":"https:\/\/espg.space\/de\/wp-json\/wp\/v2\/types\/page"}],"author":[{"embeddable":true,"href":"https:\/\/espg.space\/de\/wp-json\/wp\/v2\/users\/1"}],"replies":[{"embeddable":true,"href":"https:\/\/espg.space\/de\/wp-json\/wp\/v2\/comments?post=2569"}],"version-history":[{"count":9,"href":"https:\/\/espg.space\/de\/wp-json\/wp\/v2\/pages\/2569\/revisions"}],"predecessor-version":[{"id":4918,"href":"https:\/\/espg.space\/de\/wp-json\/wp\/v2\/pages\/2569\/revisions\/4918"}],"up":[{"embeddable":true,"href":"https:\/\/espg.space\/de\/wp-json\/wp\/v2\/pages\/2547"}],"wp:attachment":[{"href":"https:\/\/espg.space\/de\/wp-json\/wp\/v2\/media?parent=2569"}],"curies":[{"name":"wp","href":"https:\/\/api.w.org\/{rel}","templated":true}]}}

Führungsteam

<div class="wp-block-cover is-light has-parallax parallax" style="min-height:300px;aspect-ratio:unset;"><span aria-hidden="true" class="wp-block-cover__background has-background-dim-10 has-background-dim"></span><div role="img" class="wp-block-cover__image-background wp-image-5269 has-parallax" style="background-position:50% 50%;background-image:url(https://espg.space/wp-content/uploads/2024/02/Wuerselen_Header_neu-scaled.jpg)"></div><div class="wp-block-cover__inner-container is-layout-flow wp-block-cover-is-layout-flow"><h1 style="text-transform:uppercase;" class="has-text-align-center wp-block-post-title has-text-color has-white-color">Führungsteam</h1></div></div>

<div style="height:100px" aria-hidden="true" class="wp-block-spacer"></div>
<div class="wp-bootstrap-blocks-container container mb-2">
	
<div class="wp-bootstrap-blocks-row row">
	

<div class="col-12 col-md-12">
			

<p><strong>Unser erfahrenes und gut vernetztes Führungsteam verfügt über eine exzellente Erfolgsbilanz bei der Bereitstellung von schnellen und sachkundigen Lösungen in der Immobilienbranche. Dr. Ralf Nöcker und Markus Drews sind unsere Geschäftsführer. Beide sind ebenfalls Gesellschafter des Unternehmens.</strong></p>

	</div>

</div>

</div>

<div style="height:50px" aria-hidden="true" class="wp-block-spacer"></div>
<div class="wp-bootstrap-blocks-container container mb-2">
	
<div class="wp-bootstrap-blocks-row row">
	

<div class="col-12 col-md-12">
			

<div class="row">


		<div class="col-md-4 profile-wrap mb-40">
      <img decoding="async" class="img-fluid mb-40" src="https://espg.space/wp-content/uploads/2022/09/ESPG_Ralf_Noecker-768x768.jpg">
      <h3>Dr. Ralf Nöcker</h3>
      <p class="green-txt mb-20" style="display:inline-block;">Vorstand</p>
      <div><p>Ralf Nöcker ist Vorstand der ESPG und Geschäftsführer des Mehrheitsaktionärs der ESPG. Er verfügt über einen fundierten Hintergrund sowohl im Immobilien- als auch im Banksektor. Er war zuvor Vorstand eines Bestandshalters mit mehr als 4,2 Milliarden Euro und davor als Investmentbanker tätig. Herr Nöcker verfügt über 20 Jahre Erfahrung in internationalen Transaktionen mit einem Gesamtvolumen von 5,6 Milliarden Euro. Er hatte leitende Positionen bei mehreren Investmentgesellschaften inne, unter anderem als Geschäftsführer bei Corestate Capital und Tristan Capital Partners sowie als CIO von Vivion Investments.</p>
</div>

    </div>



		<div class="col-md-4 profile-wrap mb-40">
      <img decoding="async" class="img-fluid mb-40" src="https://espg.space/wp-content/uploads/2022/09/ESPG_Markus_Drews-768x768.jpg">
      <h3>Markus Drews</h3>
      <p class="green-txt mb-20" style="display:inline-block;">Vorstand</p>
      <div><p>Markus Drews ist Mitbegründer, Aktionär und Vorstand der ESPG AG. Aufgrund seiner Erfahrung als COO und zuletzt CEO der börsennotierten Demire – bei der er im Wesentlichen verantwortlich für das operative Geschäft zeichnete &#8211; und seine Rolle als Mitbegründer und Mitglied des Excecutive Boards der ebenfalls börsennotierten Colonia Real Estate AG, verantwortet er alle operativen Themen der ESPG AG.</p>
</div>

    </div>



</div>


	</div>

</div>

</div>

<div style="height:100px" aria-hidden="true" class="wp-block-spacer"></div>
