{"id":6458,"date":"2026-04-30T15:48:38","date_gmt":"2026-04-30T14:48:38","guid":{"rendered":"https:\/\/espg.space\/?page_id=6458"},"modified":"2026-04-30T16:08:15","modified_gmt":"2026-04-30T15:08:15","slug":"unternehmensfuehrung","status":"publish","type":"page","link":"https:\/\/espg.space\/de\/company\/unternehmensfuehrung\/","title":{"rendered":"Unternehmensf\u00fchrung"},"content":{"rendered":"\n<div class=\"wp-block-cover is-light has-parallax parallax\" style=\"min-height:300px;aspect-ratio:unset;\"><span aria-hidden=\"true\" class=\"wp-block-cover__background has-background-dim-10 has-background-dim\"><\/span><div role=\"img\" class=\"wp-block-cover__image-background wp-image-5269 has-parallax\" style=\"background-position:50% 50%;background-image:url(https:\/\/espg.space\/wp-content\/uploads\/2024\/02\/Wuerselen_Header_neu-scaled.jpg)\"><\/div><div class=\"wp-block-cover__inner-container is-layout-flow wp-block-cover-is-layout-flow\"><h1 style=\"text-transform:uppercase;\" class=\"has-text-align-center wp-block-post-title has-text-color has-white-color\">Unternehmensf\u00fchrung<\/h1><\/div><\/div>\n\n\n\n<div style=\"height:100px\" aria-hidden=\"true\" class=\"wp-block-spacer\"><\/div>\n\n\n<div class=\"wp-bootstrap-blocks-container container mb-2\">\n\t\n<div class=\"wp-bootstrap-blocks-row row\">\n\t\n\n<div class=\"col-12 col-md-12\">\n\t\t\t\n\n<p><strong>Unser erfahrenes und gut vernetztes F\u00fchrungsteam verf\u00fcgt \u00fcber eine exzellente Erfolgsbilanz bei der Bereitstellung von schnellen und sachkundigen L\u00f6sungen in der Immobilienbranche.<\/strong><\/p>\n\n\t<\/div>\n\n<\/div>\n\n<\/div>\n\n\n\n<div style=\"height:50px\" aria-hidden=\"true\" class=\"wp-block-spacer\"><\/div>\n\n\n<div class=\"wp-bootstrap-blocks-container container mb-2\">\n\t\n<div class=\"wp-bootstrap-blocks-row row\">\n\t\n\n<div class=\"col-12 col-md-12\">\n\t\t\t\n\n<div class=\"row\">\n\n\n\t\t<div class=\"col-md-4 profile-wrap mb-40\">\n      <img decoding=\"async\" class=\"img-fluid mb-40\" src=\"https:\/\/espg.space\/wp-content\/uploads\/2022\/09\/ESPG_Ralf_Noecker-768x768.jpg\">\n      <h3>Dr. Ralf N\u00f6cker<\/h3>\n      <p class=\"green-txt mb-20\" style=\"display:inline-block;\">Vorstand<\/p>\n      <div><p>Ralf N\u00f6cker ist Vorstand der ESPG und Gesch\u00e4ftsf\u00fchrer des Mehrheitsaktion\u00e4rs der ESPG. Er verf\u00fcgt \u00fcber einen fundierten Hintergrund sowohl im Immobilien- als auch im Banksektor. Er war zuvor Vorstand eines Bestandshalters mit mehr als 4,2 Milliarden Euro und davor als Investmentbanker t\u00e4tig. Herr N\u00f6cker verf\u00fcgt \u00fcber 20 Jahre Erfahrung in internationalen Transaktionen mit einem Gesamtvolumen von 5,6 Milliarden Euro. Er hatte leitende Positionen bei mehreren Investmentgesellschaften inne, unter anderem als Gesch\u00e4ftsf\u00fchrer bei Corestate Capital und Tristan Capital Partners sowie als CIO von Vivion Investments.<\/p>\n<\/div>\n\n    <\/div>\n\n\n\n<\/div>\n\n\n\t<\/div>\n\n\n\n<div class=\"col-12 col-md-12\">\n\t\t\t\n\n<div class=\"row\">\n\n\n\t\t<div class=\"col-md-4 profile-wrap mb-40\">\n      <img decoding=\"async\" class=\"img-fluid mb-40\" src=\"https:\/\/espg.space\/wp-content\/uploads\/2022\/09\/pers_krienen.jpg\">\n      <h3>Arndt Krienen<\/h3>\n      <p class=\"green-txt mb-20\" style=\"display:inline-block;\">Vorsitzender des Aufsichtsrats<\/p>\n      <div><p>Arndt Krienen war Gesch\u00e4ftsf\u00fchrer mehrerer Immobilienunternehmen und ist derzeit Mitglied des B\u00f6rsenrats der B\u00f6rse D\u00fcsseldorf.<\/p>\n<\/div>\n\n    <\/div>\n\n\n\n\t\t<div class=\"col-md-4 profile-wrap mb-40\">\n      <img decoding=\"async\" class=\"img-fluid mb-40\" src=\"https:\/\/espg.space\/wp-content\/uploads\/2022\/09\/pers_jonathan-elkington.png\">\n      <h3>Jonathan Elkington<\/h3>\n      <p class=\"green-txt mb-20\" style=\"display:inline-block;\">Stellv. Vorsitzender des Aufsichtsrats<\/p>\n      <div><p>Jonathan Elkington ist Partner und CEO von Real Estate Co-Investment bei Alvarium und verf\u00fcgt \u00fcber mehr als 20 Jahre Erfahrung im Bereich Principal und Private Investment.<\/p>\n<\/div>\n\n    <\/div>\n\n\n\n\t\t<div class=\"col-md-4 profile-wrap mb-40\">\n      <img decoding=\"async\" class=\"img-fluid mb-40\" src=\"https:\/\/espg.space\/wp-content\/uploads\/2022\/09\/Mark_Abramson.png\">\n      <h3>Mark Abramson<\/h3>\n      <p class=\"green-txt mb-20\" style=\"display:inline-block;\">Aufsichtsrat<\/p>\n      <div><p>Mark Abramson ist Berater f\u00fcr b\u00f6rsennotierte Immobiliengesellschaften in Sondersituationen und blickt auf \u00fcber 30 Jahre Erfahrung an den europ\u00e4ischen und globalen Aktienm\u00e4rkten zur\u00fcck.<\/p>\n<\/div>\n\n    <\/div>\n\n\n\n<\/div>\n\n\n\t<\/div>\n\n<\/div>\n\n<\/div>\n\n\n\n<div style=\"height:100px\" aria-hidden=\"true\" class=\"wp-block-spacer\"><\/div>\n","protected":false},"excerpt":{"rendered":"","protected":false},"author":5,"featured_media":0,"parent":2547,"menu_order":29,"comment_status":"closed","ping_status":"closed","template":"templates\/blank.php","meta":{"_acf_changed":false,"footnotes":""},"class_list":["post-6458","page","type-page","status-publish","hentry"],"acf":[],"featured_image_src":null,"_links":{"self":[{"href":"https:\/\/espg.space\/de\/wp-json\/wp\/v2\/pages\/6458","targetHints":{"allow":["GET"]}}],"collection":[{"href":"https:\/\/espg.space\/de\/wp-json\/wp\/v2\/pages"}],"about":[{"href":"https:\/\/espg.space\/de\/wp-json\/wp\/v2\/types\/page"}],"author":[{"embeddable":true,"href":"https:\/\/espg.space\/de\/wp-json\/wp\/v2\/users\/5"}],"replies":[{"embeddable":true,"href":"https:\/\/espg.space\/de\/wp-json\/wp\/v2\/comments?post=6458"}],"version-history":[{"count":4,"href":"https:\/\/espg.space\/de\/wp-json\/wp\/v2\/pages\/6458\/revisions"}],"predecessor-version":[{"id":6475,"href":"https:\/\/espg.space\/de\/wp-json\/wp\/v2\/pages\/6458\/revisions\/6475"}],"up":[{"embeddable":true,"href":"https:\/\/espg.space\/de\/wp-json\/wp\/v2\/pages\/2547"}],"wp:attachment":[{"href":"https:\/\/espg.space\/de\/wp-json\/wp\/v2\/media?parent=6458"}],"curies":[{"name":"wp","href":"https:\/\/api.w.org\/{rel}","templated":true}]}}

Unternehmensführung

<div class="wp-block-cover is-light has-parallax parallax" style="min-height:300px;aspect-ratio:unset;"><span aria-hidden="true" class="wp-block-cover__background has-background-dim-10 has-background-dim"></span><div role="img" class="wp-block-cover__image-background wp-image-5269 has-parallax" style="background-position:50% 50%;background-image:url(https://espg.space/wp-content/uploads/2024/02/Wuerselen_Header_neu-scaled.jpg)"></div><div class="wp-block-cover__inner-container is-layout-flow wp-block-cover-is-layout-flow"><h1 style="text-transform:uppercase;" class="has-text-align-center wp-block-post-title has-text-color has-white-color">Unternehmensführung</h1></div></div>



<div style="height:100px" aria-hidden="true" class="wp-block-spacer"></div>


<div class="wp-bootstrap-blocks-container container mb-2">
	
<div class="wp-bootstrap-blocks-row row">
	

<div class="col-12 col-md-12">
			

<p><strong>Unser erfahrenes und gut vernetztes Führungsteam verfügt über eine exzellente Erfolgsbilanz bei der Bereitstellung von schnellen und sachkundigen Lösungen in der Immobilienbranche.</strong></p>

	</div>

</div>

</div>



<div style="height:50px" aria-hidden="true" class="wp-block-spacer"></div>


<div class="wp-bootstrap-blocks-container container mb-2">
	
<div class="wp-bootstrap-blocks-row row">
	

<div class="col-12 col-md-12">
			

<div class="row">


		<div class="col-md-4 profile-wrap mb-40">
      <img decoding="async" class="img-fluid mb-40" src="https://espg.space/wp-content/uploads/2022/09/ESPG_Ralf_Noecker-768x768.jpg">
      <h3>Dr. Ralf Nöcker</h3>
      <p class="green-txt mb-20" style="display:inline-block;">Vorstand</p>
      <div><p>Ralf Nöcker ist Vorstand der ESPG und Geschäftsführer des Mehrheitsaktionärs der ESPG. Er verfügt über einen fundierten Hintergrund sowohl im Immobilien- als auch im Banksektor. Er war zuvor Vorstand eines Bestandshalters mit mehr als 4,2 Milliarden Euro und davor als Investmentbanker tätig. Herr Nöcker verfügt über 20 Jahre Erfahrung in internationalen Transaktionen mit einem Gesamtvolumen von 5,6 Milliarden Euro. Er hatte leitende Positionen bei mehreren Investmentgesellschaften inne, unter anderem als Geschäftsführer bei Corestate Capital und Tristan Capital Partners sowie als CIO von Vivion Investments.</p>
</div>

    </div>



</div>


	</div>



<div class="col-12 col-md-12">
			

<div class="row">


		<div class="col-md-4 profile-wrap mb-40">
      <img decoding="async" class="img-fluid mb-40" src="https://espg.space/wp-content/uploads/2022/09/pers_krienen.jpg">
      <h3>Arndt Krienen</h3>
      <p class="green-txt mb-20" style="display:inline-block;">Vorsitzender des Aufsichtsrats</p>
      <div><p>Arndt Krienen war Geschäftsführer mehrerer Immobilienunternehmen und ist derzeit Mitglied des Börsenrats der Börse Düsseldorf.</p>
</div>

    </div>



		<div class="col-md-4 profile-wrap mb-40">
      <img decoding="async" class="img-fluid mb-40" src="https://espg.space/wp-content/uploads/2022/09/pers_jonathan-elkington.png">
      <h3>Jonathan Elkington</h3>
      <p class="green-txt mb-20" style="display:inline-block;">Stellv. Vorsitzender des Aufsichtsrats</p>
      <div><p>Jonathan Elkington ist Partner und CEO von Real Estate Co-Investment bei Alvarium und verfügt über mehr als 20 Jahre Erfahrung im Bereich Principal und Private Investment.</p>
</div>

    </div>



		<div class="col-md-4 profile-wrap mb-40">
      <img decoding="async" class="img-fluid mb-40" src="https://espg.space/wp-content/uploads/2022/09/Mark_Abramson.png">
      <h3>Mark Abramson</h3>
      <p class="green-txt mb-20" style="display:inline-block;">Aufsichtsrat</p>
      <div><p>Mark Abramson ist Berater für börsennotierte Immobiliengesellschaften in Sondersituationen und blickt auf über 30 Jahre Erfahrung an den europäischen und globalen Aktienmärkten zurück.</p>
</div>

    </div>



</div>


	</div>

</div>

</div>



<div style="height:100px" aria-hidden="true" class="wp-block-spacer"></div>
